rmine h(2).
-14
Let a be (-805)/(-11) + (-12)/66. Let u = 69 - a. Let z(f) be the third derivative of f**5/60 + 3*f**4/8 + 5*f**3/6 - 3*f**2. Give z(u).
-15
Suppose -5*p = h - 23, -p - 4*h + 28 = 3*p. Suppose 2*i = -4, p*b + 4*i - 4 = 8. Suppose -2*o + b*o + 15 = 0. Let k(j) = j**2 + 5*j + 2. Give k(o).
2
Let w(u) = 2*u**3 + 9*u**2 - 10*u - 29. Let l be w(-5). Let y(m) = -m**3 - 5*m**2 - m - 5. Give y(l).
-17
Suppose 12 = 2*n - 0. Let l(m) = -m**2 + 4*m + 6. Calculate l(n).
-6
Let m(s) = s**2 - s - 1. Let y(k) = 10*k**2 - 13*k + 7. Let f(w) = 4*m(w) - y(w). Let t(u) = 7*u**2 - 9*u + 12. Let l(q) = -6*f(q) - 5*t(q). Give l(4).
-14
Let b = -19 - -21. Suppose -3*o = b*o + 5. Let n be (6 - 7) + (2 - o). Let l(u) = -2*u**3 + 3*u**2 - 2*u + 2. What is l(n)?
-6
Let w(m) = -56*m + 49*m - 4 + 4 + m**3 + 8*m**2 + 12. What is w(-9)?
-6
Let h(m) = -8*m + 8. Let y(l) = 7*l - 8. Let q(b) = -5*h(b) - 6*y(b). What is q(3)?
2
Let g(z) = -2*z - 8. Suppose 502 = -u + 498. What is g(u)?
0
Suppose 0 = 49*s + 215 + 79. Let i(y) = -y + 13. Determine i(s).
19
Let g(v) = -v**2. Let h(y) = 6*y**2 - 2*y - 1. Suppose 0 = 4*b - 5*b + 2. Let l(t) = b*g(t) + h(t). Suppose -5*j = -0*j - 10. Calculate l(j).
11
Suppose -2*n = -8 - 0. Let c = n + -1. Let r(s) = -1 - c - s + 5 + 0. What is r(-6)?
7
Suppose -54*l - 112 = -40*l. Let c(b) = 2*b + 12. Determine c(l).
-4
Let o be -6 + (-2 - -1) + 1. Let r(n) = 29 + 43 + n - 65. What is r(o)?
1
Let u(r) = r**3 + 1380*r**2 + 7*r + 13 + 8*r - 1364*r**2. Give u(-15).
13
Let u = -42 - -32. Let o be (-6)/3 - (6 + u). Let m(h) = 18*h - 3. Let y(a) = a. Let g(f) = -m(f) + 15*y(f). Give g(o).
-3
Let x be (-3 - 4) + (63/9 - 4). Let a(t) = 2*t**2 + t - 9. What is a(x)?
19
Let k(r) = 9*r - 9. Let v(y) = -4*y + 8. Let u(a) = -8*a + 15. Let d(s) = 4*u(s) - 7*v(s). Let w(g) = 7*d(g) + 3*k(g). Determine w(-1).
2
Suppose -52 = -8*l + 4*l. Let r(p) be the first derivative of 13 - p**2 - l + 6 + 2*p + p. Give r(3).
-3
Let t = -70 - -72. Let r(p) = 10*p**3 + 2 - p - 1 + p**t + 0 - 2. Determine r(-1).
-9
Let h(g) be the first derivative of 1/3*g**3 + 2*g + 11 + 1/2*g**2. Determine h(0).
2
Let m(w) = w**3 - 3*w. Let b(i) = -4*i**3 - 11*i**2 + 20*i - 7. Let a(p) = b(p) + 3*m(p). Calculate a(-12).
5
Let z(x) be the first derivative of -1/2*x**2 - 17 - 5*x - 1/4*x**4 - x**3. What is z(-4)?
15
Let x(s) = -s**2 + 4*s - 3. Let q(p) = p + 14. Let t be q(7). Let o = t - 29. Let v = -5 - o. What is x(v)?
0
Let n(h) be the third derivative of 0 - 8*h**2 + 0*h - 2/3*h**3 - 1/24*h**4. Give n(4).
-8
Let i(s) be the second derivative of 5/6*s**3 - 3/2*s**2 + 23*s - 1/12*s**4 + 0. Give i(6).
-9
Let q be 60/(-36)*(-4)/(-20)*-6. Let z(i) be the second derivative of 0 - 2*i - 1/2*i**q - 1/3*i**3. Calculate z(4).
-9
Let n = -1767 - -1768. Suppose 0 = 5*a - 0*a - 15. Let c(f) = -9*f**a - f + 2*f**3 - 6*f**3 + 2*f**2. Calculate c(n).
-12
Suppose -8*m + 39 - 15 = 0. Suppose m*y + 0*y - 6 = 0. Let p(b) = 4*b**2 - 2*b + 4. Let v(u) = 9*u**2 - 3*u + 9. Let c(w) = 7*p(w) - 3*v(w). Give c(y).
-5
Let d(h) = 16*h + 31 - 7*h**2 - 5*h**2 - h**3 - 2*h**2 - 14. Let q be d(-15). Let j(u) = -3 - 4*u + q*u - 4*u + 3*u. Calculate j(-4).
9
Let o(y) be the third derivative of y**4/12 + 9*y**3/2 - y**2 + 46*y. What is o(-9)?
9
Let r(z) = 11*z**2 + 16*z + 12. Let o(i) = -4*i**2 - 5*i - 4. Let w(q) = 8*o(q) + 3*r(q). Let s be -2 - (-18 + 4*(1 + 0)). Suppose 9*y = 11*y + s. What is w(y)?
-8
Let l(h) = 0*h**2 + 5 - h**2 + 5*h**2 - 6*h + 0*h**2 - 3*h**2. What is l(6)?
5
Let t be 1*(-4)/((-8)/(-14)). Let a = -9 - t. Let b(x) = 2059*x + 3*x**3 - 4119*x + 2*x**2 + 2057*x - 3. Calculate b(a).
-13
Let j(s) be the third derivative of -s**7/1260 + s**5/60 + 2*s**3 - 3*s**2 + 7. Let m(v) be the third derivative of j(v). What is m(3)?
-12
Let o(s) be the first derivative of s**2/2 + 10*s + 22. What is o(-7)?
3
Let d(y) = 2*y**3 - y**2 - 4*y - 3. Suppose -3 = r - 3*n - 16, 20 = -5*r - 2*n. What is d(r)?
-15
Suppose 7*g - 31 - 39 = 0. Let z(x) = -x + 24. What is z(g)?
14
Let w(m) = -6*m - 7*m - 6*m - 8*m + 21*m. Give w(-4).
24
Let h = -8 + 12. Suppose -7 = -w - a, 13 = -3*w + h*w + 4*a. Let f(o) = o - 4. Calculate f(w).
1
Let x(a) = 12 - a**2 - 1 - 1 - 7*a. Suppose 4*i = -3*v + 8 + 4, 0 = 3*i - 2*v - 9. Suppose 16 = -i*z - 5. What is x(z)?
10
Let a be (1/(-2))/(4/(-48)). Let o(x) be the second derivative of x**3/6 - 9*x**2/2 - 20*x. Determine o(a).
-3
Suppose -2*u - 2*u - 36 = -r, 5*u + 3*r + 45 = 0. Let i = 11 + u. Let f(w) = 2*w - w - 2*w**3 + 3*w**2 - 2*w + 1 + 0*w**3. Give f(i).
-5
Let r(b) = 2*b**2 + 3*b - 4. Let l be r(2). Suppose 0 = 8*m + l - 26. Let d(j) = -2 + 0 + j**m + 2 + 8*j. Give d(-5).
-15
Let c(l) be the first derivative of -l**4/24 + l**3/6 - 21*l**2/2 + 5. Let f(b) be the second derivative of c(b). What is f(3)?
-2
Let l be ((-1)/(-4))/((-8)/(-679 - -7)). Let d(f) = f**2 - 22*f + 27. Calculate d(l).
6
Let i(k) be the first derivative of -k**4/4 - 7*k**3/3 - 3*k**2 + 7*k + 53. Determine i(-5).
-13
Suppose -4*m = -4, -q - 5*m + 5 = -2*m. Let f(z) = -5*z**q - 1 - 7*z - 5*z + 14*z - z**3. Determine f(-5).
-11
Let u(k) = k**2 - 4*k - 5. Suppose -61 = -4*p + 11. Suppose -3*o - p = -2*q - o, 5*q - 3*o - 37 = 0. Calculate u(q).
0
Let c(f) = -2*f**3 - f**2 + 90*f - 1. Let o be c(-7). Let k(j) = -j**2 + 2*j + 14. Determine k(o).
-10
Let b = -25 - -24. Let w(r) be the third derivative of -1/10*r**5 + 1/24*r**4 + 0*r + 0 + 0*r**3 - 3*r**2. What is w(b)?
-7
Let a(n) = -3*n**2 - 18*n + 34. Let g(q) = -4*q**2 - 27*q + 50. Let w(j) = -7*a(j) + 5*g(j). What is w(5)?
-8
Suppose 2*x = 6*x + 12. Let t(w) = w + 4. Let a(m) = -2*m - 8. Let n(o) = 6*a(o) + 11*t(o). What is n(x)?
-1
Let k(z) = z**3 + z**2 - z + 1. Let p be k(1). Let n(t) = 315 - 3*t - 314 + 5*t - 3*t - 3*t. What is n(p)?
-7
Let k = -62 + 64. Suppose -4*m + 5*m - 11 = 0. Let n(u) = -m*u**2 + 10*u**k - u - 5*u + 5. Give n(-5).
10
Suppose 1162*n = 1158*n - 3*p + 6, 21 = -n + 3*p. Let z(q) be the first derivative of q**4/4 + 2*q**3/3 - 2*q**2 - 4*q + 1. What is z(n)?
-1
Let o(l) = 2*l**2 - 2. Let w = 13 - 13. Suppose 0 = f - 3*m - 24, 2*m = -f - w*m + 4. Let d = 14 - f. Determine o(d).
6
Let w = -651 + 650. Let c(u) = 6*u**3 + 3*u**2 + 3*u + 1. Let v(l) = -l**3 - l**2 - l. Let z(h) = c(h) + 2*v(h). Calculate z(w).
-3
Let c(b) = -b**2 - b + 8. Let d = 427 - 423. Calculate c(d).
-12
Let q(i) = -i**3 + 13*i**2 - 13*i + 9. Let z(d) = -7*d - 37. Let k be z(-7). Give q(k).
-3
Let r be (-675)/(-324) + (-1)/12. Let t(f) = 3*f**3 - 3*f**2 + 2*f - 3. What is t(r)?
13
Let c = 2596 - 2594. Let u(v) = -v**2 - v. Let n(w) = 3*w**2 + w - 2. Let x(t) = n(t) + 2*u(t). What is x(c)?
0
Let l(g) be the first derivative of -g**4/4 + 4*g**3/3 - g**2 + g + 19. Let s be l(3). Let c(h) = h - 5. Give c(s).
-1
Let g = 2 + 6. Suppose 0 = -2*a + 3*a - g. Suppose -4*t + 0*t - a = 0. Let w(m) = -8*m - 3. Give w(t).
13
Suppose 11 = 4*g - 4*c - 9, -3*g - 4*c + 22 = 0. Let p(r) = -3*r + 13. Calculate p(g).
-5
Let f(s) = 10*s**2 - 1 - 70*s + 67*s - 6*s**2. What is f(3)?
26
Suppose 6*d - 76 = -136. Suppose 2*g = 5 + 1, -3*x - 3*g - 9 = 0. Let s = d - x. Let y(i) = -2*i - 6. Determine y(s).
2
Let w(l) be the second derivative of l**3/2 - 6*l**2 + 536*l. What is w(-5)?
-27
Let d = -25/79 - -995/1896. Let p(j) be the third derivative of 0*j + 3*j**2 - 2/3*j**3 + 1/10*j**5 - d*j**4 - 1/120*j**6 + 0. What is p(5)?
-4
Let u be 86/30 - (-16)/120. Let r(l) = -l**3 + 3*l**2 + 4*l - 4. Give r(u).
8
Let w(m) = m**2 + 1. Let l be w(-1). Suppose r - 2*a = -13 + 3, -10 = -5*r - l*a. Let d(o) = o**3 - o**2 - o - 10. What is d(r)?
-10
Let s(u) be the third derivative of u**5/10 - u**3/3 + 5*u**2 - u. Determine s(-2).
22
Let d(u) = -14*u - 13. Let q(m) = 17*m + 19. Let l(r) = 7*d(r) + 5*q(r). Determine l(4).
-48
Let v(j) = j + 18. Let d(n) = n + 19. Let r(g) = 5*d(g) - 6*v(g). Let x be (-56)/(-6)*(-6)/1. Let o = 56 + x. What is r(o)?
-13
Suppose 260*n = 289*n - 116. Let y(p) be the second derivative of 0*p**3 + 0*p**n + 10*p + 0 - 1/4*p**5 + 0*p**2. What is y(1)?
-5
Let q(y) = y**3 - 3*y**2 - 3*y - 2. Let o be (3 + 6)*-1 + 7. Calculate q(o).
-16
Suppose 3*f + 27 = 12. Let u(g) = -g**2 - 9*g - 7. What is u(f)?
13
Let m(a) = -4*a**3 + 11*a**2 - 8*a - 24. Let o(g) = -7*g**3 + 21*g**2 - 16*g - 42. Let f